 the prime factors of 1460352520.
2, 5, 11, 3318983
What are the prime factors of 212021237?
212021237
What are the prime factors of 3269226487?
1201, 2722087
List the prime factors of 904164868.
2, 23, 9827879
List the prime factors of 545982941.
7, 1591787
What are the prime factors of 3914319?
3, 223, 5851
What are the prime factors of 41148843?
3, 1319, 10399
What are the prime factors of 513917391?
3, 13, 101, 130469
What are the prime factors of 3864162648?
2, 3, 31, 5193767
What are the prime factors of 73675447?
73675447
List the prime factors of 232943026.
2, 116471513
What are the prime factors of 79792960?
2, 5, 13, 19181
List the prime factors of 13031769.
3, 4343923
What are the prime factors of 393702092?
2, 7, 14060789
List the prime factors of 1277794181.
1277794181
What are the prime factors of 21708060?
2, 3, 5, 11, 31, 1061
What are the prime factors of 94390561?
94390561
List the prime factors of 138097423.
173, 798251
What are the prime factors of 3649099967?
19, 192057893
What are the prime factors of 62578199?
62578199
List the prime factors of 39273471.
3, 1454573
What are the prime factors of 192246609?
3, 587, 109169
What are the prime factors of 543248702?
2, 17, 89, 179527
List the prime factors of 36589560.
2, 3, 5, 7, 43, 1013
List the prime factors of 40680212.
2, 10170053
List the prime factors of 95075221.
19, 5003959
List the prime factors of 16736243.
16736243
List the prime factors of 15154244.
2, 7, 373, 1451
What are the prime factors of 1824987405?
3, 5, 5503, 22109
List the prime factors of 685613.
685613
What are the prime factors of 764426835?
3, 5, 5662421
List the prime factors of 97379003.
83, 677, 1733
List the prime factors of 519620638.
2, 259810319
List the prime factors of 1429531672.
2, 3271, 54629
List the prime factors of 23708214.
2, 3, 146347
List the prime factors of 217623113.
47, 293, 15803
What are the prime factors of 27471744?
2, 3, 7949
List the prime factors of 338334265.
5, 67666853
List the prime factors of 724394.
2, 11, 19, 1733
List the prime factors of 448952194.
2, 224476097
List the prime factors of 568035736.
2, 89, 179, 4457
What are the prime factors of 2098827948?
2, 3, 7, 191, 130817
List the prime factors of 337714136.
2, 42214267
What are the prime factors of 29799877?
29799877
What are the prime factors of 168390819?
3, 503, 4133
What are the prime factors of 2895285241?
23, 211, 25939
What are the prime factors of 2799448597?
11, 107, 2378461
What are the prime factors of 7461820418?
2, 13, 67, 4283479
List the prime factors of 54898320.
2, 3, 5, 59, 3877
What are the prime factors of 141204673?
1193, 118361
What are the prime factors of 82204336?
2, 19, 113, 2393
What are the prime factors of 44371058?
2, 22185529
List the prime factors of 3864804759.
3, 1637, 29147
What are the prime factors of 10126224?
2, 3, 70321
List the prime factors of 43151294.
2, 89, 149, 1627
List the prime factors of 10544820.
2, 3, 5, 11, 13, 1229
What are the prime factors of 2189834?
2, 173, 6329
What are the prime factors of 21172826?
2, 10586413
What are the prime factors of 10278226?
2, 7, 734159
What are the prime factors of 39219046?
2, 53, 369991
What are the prime factors of 737960986?
2, 7, 857, 61507
What are the prime factors of 47254917?
3, 17, 926567
What are the prime factors of 79589306?
2, 39794653
What are the prime factors of 1422790941?
3, 11, 13, 3316529
List the prime factors of 703051999.
13, 457, 9103
List the prime factors of 963725916.
2, 3, 80310493
List the prime factors of 6571360050.
2, 3, 5, 293, 149519
List the prime factors of 5044030145.
5, 7, 11, 13101377
What are the prime factors of 1586948210?
2, 5, 19, 8352359
What are the prime factors of 2435616200?
2, 5, 12178081
List the prime factors of 520489097.
19, 53, 516871
List the prime factors of 1015241778.
2, 3, 56402321
List the prime factors of 91742550.
2, 3, 5, 193, 3169
List the prime factors of 159996095.
5, 7, 17, 443, 607
List the prime factors of 119532310.
2, 5, 911, 13121
List the prime factors of 44694826.
2, 11, 1051, 1933
What are the prime factors of 5054426630?
2, 5, 11, 1223, 37571
What are the prime factors of 57211697?
57211697
List the prime factors of 931116839.
931116839
List the prime factors of 2108946386.
2, 59, 593, 30139
List the prime factors of 23494557.
3, 821, 9539
List the prime factors of 711897373.
11, 839, 77137
List the prime factors of 508986028.
2, 127, 1001941
What are the prime factors of 601631524?
2, 13, 1861, 6217
What are the prime factors of 1692301554?
2, 3, 29, 53, 61169
What are the prime factors of 55105496?
2, 6888187
List the prime factors of 434064584.
2, 54258073
What are the prime factors of 1245223836?
2, 3, 821, 42131
What are the prime factors of 161498799?
3, 7, 11, 77681
List the prime factors of 5794819.
5794819
List the prime factors of 15282254.
2, 13, 389, 1511
List the prime factors of 5783051555.
5, 691, 809, 2069
List the prime factors of 75905031.
3, 25301677
What are the prime factors of 1177138622?
2, 11, 1033, 51797
What are the prime factors of 556335003?
3, 7, 26492143
List the prime factors of 1836357063.
3, 1069, 572609
What are the prime factors of 63929074?
2, 11, 2905867
What are the prime factors of 8945223113?
8945223113
List the prime factors of 734135361.
3, 17, 173, 83207
What are the prime factors of 697131960?
2, 3, 5, 7, 71, 11689
What are the prime factors of 18059045?
5, 47, 76847
What are the prime factors of 371947073?
61, 1373, 4441
List the prime factors of 514473598.
2, 101, 2546899
What are the prime factors of 413673662?
2, 19, 59, 184511
What are the prime factors of 1202044484?
2, 71, 683, 6197
List the prime factors of 703296400.
2, 5, 19, 29, 3191
List the prime factors of 99386716.
2, 11, 13, 239, 727
List the prime factors of 1915074611.
11257, 170123
List the prime factors of 122575730.
2, 5, 12257573
What are the prime factors of 7463680511?
7, 47, 22685959
What are the prime factors of 375315874?
2, 59, 83, 38321
What are the prime factors of 74791051?
83, 901097
List the prime factors of 117990324.
2, 3, 59, 18517
What are the prime factors of 1282364381?
21773, 58897
List the prime factors of 3009513082.
2, 1504756541
What are the prime factors of 3490882364?
2, 37, 23587043
List the prime factors of 1369296666.
2, 3, 37, 2056001
What are the prime factors of 2286445?
5, 7, 65327
List the prime factors of 7757235780.
2, 3, 5, 7, 18469609
List the prime factors of 778617768.
2, 3, 32442407
What are the prime factors of 44950230?
2, 3, 5, 13, 103, 373
List the prime factors of 469912.
2, 151, 389
List the prime factors of 751311325.
5, 30052453
What are the prime factors of 1391264672?
2, 7, 47, 103, 1283
What are the prime factors of 4810018038?
2, 3, 7, 67, 1709317
List the prime factors of 4514975.
5, 59, 3061
List the prime factors of 57814374.
2, 3, 9635729
What are the prime factors of 59411681?
7, 43, 197381
What are the prime factors of 4677884451?
3, 3209, 161971
List the prime factors of 245818023.
3, 11, 677, 11003
List the prime factors of 543002720.
2, 5, 13, 261059
List the prime factors of 2713701410.
2, 5, 7, 19, 2040377
List the prime factors of 864824550.
2, 3, 5, 5765497
List the prime factors of 104718589.
17, 31, 109, 1823
What are the prime factors of 1922973309?
3, 17, 3041, 4133
List the prime factors of 61542585.
3, 5, 13, 11689
List the prime factors of 807241618.
2, 7193, 56113
What are the prime factors of 2059369491?
3, 686456497
List the prime factors of 743652661.
113, 6580997
What are the prime factors of 813967664?
2, 50872979
List the prime factors of 23628098.
2, 13, 29, 31337
List the prime factors of 2239472864.
2, 69983527
What are the prime factors of 539797663?
539797663
What are the prime factors of 4405386598?
2, 641, 3436339
What are the prime factors of 345270132?
2, 3, 79, 121403
What are the prime factors of 125207654?
2, 11, 13, 39799
List the prime factors of 174953800.
2, 5, 7, 17, 7351
List the prime factors of 262665042.
2, 3, 1033, 42379
List the prime factors of 3792793446.
2, 3, 13, 71, 167, 1367
What are the prime factors of 281717642?
2, 17, 41, 61, 3313
List the prime factors of 8738596.
2, 2184649
List the prime factors of 2028652423.
7